of l(-1)?
2, 3, 5, 131
Suppose 102*p + 55054 = 2*v + 103*p, -4*v + 110124 = 4*p. List the prime factors of v.
17, 1619
Let u = -164 - -172. Let o(z) = 22*z + 17. What are the prime factors of o(u)?
193
Let d be ((-2)/4)/((-246)/(-71832)). Suppose n = -5*z + 21, -5*z + 10*z - 20 = 0. What are the prime factors of d/((-2 + 1)*n)?
2, 73
Suppose -13 - 65 = -3*d. Suppose 1156 = i + u, -d*i = -25*i + 4*u - 1162. What are the prime factors of i?
2, 577
Let g(t) = -14*t - 19. Let m = -50 - -35. List the prime factors of g(m).
191
Suppose -m + 6*m - 3*z + 65 = 0, 4*m - 4*z = -52. Let k(g) = 3*g + 2*g - 6*g + 29. List the prime factors of k(m).
2, 3, 7
Suppose 5*z - 4*w - 15957 = 0, 27*z + 15936 = 32*z + 3*w. Suppose 5*p = -3*d + z, -3*p + 4*d + 1921 = 2*d. What are the prime factors of p?
3, 71
Let i = 250 + -299. Let x(o) = 2*o**2 + 71*o + 173. What are the prime factors of x(i)?
2, 11, 17
Let g(v) = 2734*v**2 + 41*v + 12. What are the prime factors of g(-3)?
3, 5, 23, 71
List the prime factors of (-500)/6*(69/(-2))/((-25)/(-50)).
2, 5, 23
Suppose -15*d + 11*d + 2607 = 3*y, 0 = 5*y + 15. Suppose 5*l + 2*p = -2*p + 1054, -3*p - d = -3*l. What are the prime factors of l?
2, 107
Let y = 79 + -23. What are the prime factors of y/(-5)*(-25 + 5/(-1))?
2, 3, 7
Let j(o) = -o**2 + 19*o + 10. Let n be j(18). Let i(d) = -n + 3*d - 15*d + 14. List the prime factors of i(-6).
2, 29
Let m = 21948 + -613. List the prime factors of m.
5, 17, 251
Suppose -3*b + 34 = 2*q + 3*q, -18 = -3*q - b. Suppose -3*m - q + 5 = 0. Suppose m = -2*c + 3*l + 294 - 69, l - 429 = -4*c. List the prime factors of c.
2, 3
Suppose 3*q + 1 = -2, q = 3*g - 1909. Suppose a = -4*f + 1211, -3*f + g = 2*a - 1766. What are the prime factors of a?
5, 239
Let v(t) be the third derivative of -5*t**4/12 - 53*t**3/3 - 4*t**2 + 3. List the prime factors of v(-33).
2, 7
Let y be ((-3)/6)/(31/1798). List the prime factors of (3 - (-4 - -2) - y) + -2.
2
Let k be (2/2)/((-12)/(-14) - 1). Let c(i) = -i**3 - 2*i**2 + 8*i + 8. List the prime factors of c(k).
197
Suppose -5*b + 29 = -1. Suppose -2 = -b*j - 14. Let a(c) = -3*c**3 + 5*c**2 + 2*c. List the prime factors of a(j).
2, 5
Suppose -y + 86*f = 84*f - 5821, 4*y = 2*f + 23302. What are the prime factors of y?
5827
Let f be -5 + 1/(5/185). Let y(h) = -9 + h + 33 - f*h - 3*h. What are the prime factors of y(-3)?
2, 3, 7
Suppose -3*f + 7126 = -2*r - 3532, 4*r = f - 3546. List the prime factors of f.
2, 1777
Suppose 92*s - 76*s = 96229 + 74075. List the prime factors of s.
2, 3, 887
Let k(x) = -4*x - 1. Let m be k(-1). Suppose -2*l = -11*y + 9*y - 770, -4*l = -m*y - 1539. What are the prime factors of l?
2, 3
Suppose -25*j + 26*j - 4*c - 4379 = 0, 2*j = -5*c + 8810. What are the prime factors of j?
3, 5, 293
Let f = 34815 - 20768. List the prime factors of f.
11, 1277
Suppose 61*p - 334687 = 100792. What are the prime factors of p?
11, 59
Let l = -76 - -64. Let r = 56 + l. Suppose -40*q - 120 = -r*q. What are the prime factors of q?
2, 3, 5
Let y(c) = c - 8. Let l be y(8). Suppose l*k - 2*r - 247 = -k, -4*k - r = -979. What are the prime factors of k?
5, 7
Suppose 0*c = -3*c + 2*u - 2586, 9 = -3*u. Let g = c + 1256. List the prime factors of g.
2, 7
Let h(m) = 60*m - 12. Let c be h(2). Let n = c + -72. Suppose 2*w - 126 = -n. List the prime factors of w.
3, 5
Let o(h) = -h**3 + 6*h**2 + 11*h - 21. Let n be o(7). Suppose -3*d - v = -1164, n*d = 2*d + 5*v + 1960. What are the prime factors of d?
389
Let x(b) = 3*b**3 + 9*b**2 - 18*b - 94. Let s(k) = -k**3 + 5*k**2 - k + 1. Let r(a) = 4*s(a) + x(a). What are the prime factors of r(27)?
2, 3, 43
Suppose 5*v - 12*v + 5*h = -54869, 2*v - 15672 = -h. List the prime factors of v.
17, 461
Let i(a) = 65*a**3 + 6*a**2 - 11*a - 49. What are the prime factors of i(9)?
13, 3671
Suppose -68*j = -72*j + 8. Suppose 0 = -4*r + 3*n + 501, 2*n - 165 - 103 = -j*r. List the prime factors of r.
3, 43
Let s(l) = -129*l + 5841. What are the prime factors of s(17)?
2, 3, 19
Suppose 4*s - 3*t - 33 = 2*t, t + 5 = 0. Suppose -q + 5*q = s*h + 548, 2*q - 5*h - 282 = 0. What are the prime factors of q?
2, 17
List the prime factors of (-40)/6 + 8 + 286/(-39) - -36750.
2, 3, 1531
Let k be (-1)/(-12)*44*3*13. Let y = 85 + k. What are the prime factors of y?
2, 3, 19
Let x = 119 + -135. Let z be (2 - 24/10)*(x - -1). Suppose 8*o - z*o = 78. What are the prime factors of o?
3, 13
Let l = -11092 + 22234. List the prime factors of l.
2, 3, 619
Let x = -799 + 586. Let a = 970 + x. What are the prime factors of a?
757
Suppose 14215 = -20*o + 21*o - 2*z, 0 = -3*o - 2*z + 42677. What are the prime factors of o?
3, 11, 431
Let v be 11/4 + -4*4/(-64). Let w be 5/15 + 788/v - -1. Suppose p - w = -2*u - 0*p, 397 = 3*u + 2*p. List the prime factors of u.
131
Let z(y) = 4*y**2 - 26*y + 6. Let a = 48 - 34. Suppose t - 29 = 5*j, 3*j - 38 + a = -4*t. What are the prime factors of z(t)?
2, 3
Suppose -4*c + 6 = -c. Suppose 3*d + 0*t = -c*t + 254, -4*d = -2*t - 334. Suppose 2*x - 5*z + d = 3*x, -111 = -x + 4*z. List the prime factors of x.
3, 11
Suppose -5*q = -3*c - 102226, -3*q = 5*c - 42702 - 18654. List the prime factors of q.
7, 23, 127
Let c(u) = 66*u**2 - 273*u - 277. List the prime factors of c(-18).
26021
Suppose -6*d = 7*d + 195. Let n be (-730)/5*(2 - d/(-6)). Let z = n + -10. What are the prime factors of z?
3, 7
Let g = 26231 + -20464. What are the prime factors of g?
73, 79
List the prime factors of (172*(-1)/(-10))/(-3*(-4)/2040).
2, 17, 43
Let s(t) = 34*t + 46. Let f be 6/4*(14/6 + 1). Suppose 6 = z - 5*n, f*z + 2*n - 30 = -0*n. What are the prime factors of s(z)?
2, 5
Let o be (-7)/2*(-10 - 528/(-56)). Suppose 5*i - 5*s - 3680 = 0, -o*s + 167 = 3*i - 2056. List the prime factors of i.
739
Let y(l) = -17*l + 28. Suppose v + 10 = -1. What are the prime factors of y(v)?
5, 43
List the prime factors of -10*7/((-175)/4490).
2, 449
Let x(s) = -s - 2. Let r be x(-7). Let h(n) = 2*n**3 - 9*n**2 - 3*n. Let f be h(r). List the prime factors of ((-160)/(-3))/(f/45).
2, 3, 5
Let x be -358 - -2*(-3 - 10/(-4)). Let n = x - -695. List the prime factors of n.
2, 3, 7
Suppose v = -5, -3*i + 22 = 3*v - 5*v. Suppose 2*x + 8 = -2*x + 5*d, 32 = i*x + 5*d. Suppose x*p + 7 = 6*p - q, 5*q + 15 = 5*p. What are the prime factors of p?
2
Let g(v) = -24*v + 19. Let n(y) = -26*y + 20. Let w(r) = -3*g(r) + 2*n(r). List the prime factors of w(12).
223
Suppose 4*u - 2*u + 1 = f, 3*f + 4*u - 23 = 0. Suppose 3*k = -b + 308, -688 + 74 = -2*b - f*k. Let r = -209 + b. What are the prime factors of r?
3, 31
Suppose -8*w = -197685 - 31339. What are the prime factors of w?
2, 17, 421
Let r = 122 + -92. Suppose r = -7*n + 13*n. Suppose 2*b - n*b = -600. List the prime factors of b.
2, 5
Let y = 1830 - -671. Suppose o - 978 = 5*x, 5*x - 2419 = -5*o + y. List the prime factors of o.
983
Suppose 0 = 5*j - 362 + 312. Suppose 0 = -39*h + j*h + 19140. What are the prime factors of h?
2, 3, 5, 11
Suppose -2*u + 0*u - 120 = 0. Let r be (33 + -2)*(4/(-62) + 8316/2046). Let h = r + u. What are the prime factors of h?
2
Suppose 27*t = -25*t + 97347 + 243825. What are the prime factors of t?
3
Let s be (8/(-6))/(4/(-6)). Suppose 2*x = -2*k + 7*k + 2056, x = -s*k + 1037. What are the prime factors of x?
1033
Suppose 5*r - 4*z - 34483 = 1899, 2*z = -5*r + 36424. What are the prime factors of r?
2, 11, 331
Let j(a) = 3*a - 21. Let k be j(4). Let q = k + 19. Suppose -d + 3*y + 186 = -y, -2*y = q. List the prime factors of d.
2, 83
Let o be 63/6*24/(-27)*3. What are the prime factors of 1 + -1 - (50*o)/8?
5, 7
Let q(t) = -t**3 + 16*t + 3*t**3 - t**3 - 14 - 3*t**2. What are the prime factors of q(8)?
2, 7, 31
Let u(p) = 2*p**2 - 9*p - 7. Let r be u(-3). List the prime factors of (-1566)/(-2) + (r - 45).
2, 97
List the prime factors of (709/7)/(927/499653).
7, 11, 709
Let l(w) = 3*w**2 + 80*w - 1480. What are the prime factors of l(85)?
5, 5399
Let t(a) = 231*a**2 - 74*a + 371. List the prime factors of t(6).
8243
What are the prime factors of 10380/2*(-15 + 651/35)?
2, 3, 173
Suppose 18*s = 75*s - 2205843. List the prime factors of s.
38699
Suppose -2*f - 3*l = -6080, -2*l + 5339 + 6805 = 4*f. List the prime factors of f.
2, 37, 41
Suppose -80813 = -24*t + 20*t - 5*j, -101039 = -5*t - 3*j. List the 